{"id":594,"date":"2025-06-08T09:17:37","date_gmt":"2025-06-08T09:17:37","guid":{"rendered":"https:\/\/enotch2025.enoturismochile.cl\/?page_id=594"},"modified":"2025-08-04T10:21:28","modified_gmt":"2025-08-04T10:21:28","slug":"valles","status":"publish","type":"page","link":"https:\/\/enotch2025.enoturismochile.cl\/index.php\/valles\/","title":{"rendered":"Valles"},"content":{"rendered":"\t\t<div data-elementor-type=\"wp-page\" data-elementor-id=\"594\" class=\"elementor elementor-594\" data-elementor-post-type=\"page\">\n\t\t\t\t<div class=\"elementor-element elementor-element-306fd41 e-flex e-con-boxed e-con e-parent\" data-id=\"306fd41\" data-element_type=\"container\">\n\t\t\t\t\t<div class=\"e-con-inner\">\n\t\t<div class=\"elementor-element elementor-element-d8eb53d e-con-full e-flex e-con e-child\" data-id=\"d8eb53d\" data-element_type=\"container\">\n\t\t\t\t<div class=\"elementor-element elementor-element-5633f38 elementor-widget__width-initial home-explora elementor-widget elementor-widget-text-editor\" data-id=\"5633f38\" data-element_type=\"widget\" data-widget_type=\"text-editor.default\">\n\t\t\t\t<div class=\"elementor-widget-container\">\n\t\t\t\t\t\t\t\t\t<h2>Chile tierra<br \/><strong>de valles y vinos<\/strong><\/h2><p><img decoding=\"async\" class=\"alignnone wp-image-139\" src=\"https:\/\/enotch2025.enoturismochile.cl\/wp-content\/uploads\/2025\/06\/circulos-xs-colores.svg\" alt=\"\" width=\"303\" \/><\/p><p>De norte a sur: paisajes, cepas y experiencias por descubrir. \u00a1Explora los valles vitivin\u00edcolas!<\/p>\t\t\t\t\t\t\t\t<\/div>\n\t\t\t\t<\/div>\n\t\t\t\t<\/div>\n\t\t<a class=\"elementor-element elementor-element-ba848ea e-con-full card-valle huasco e-flex e-con e-child\" data-id=\"ba848ea\" data-element_type=\"container\" data-settings=\"{&quot;background_background&quot;:&quot;classic&quot;}\" href=\"https:\/\/enotch2025.enoturismochile.cl\/index.php\/valle-del-huasco\/\">\n\t\t\t\t<div class=\"elementor-element elementor-element-aa233a0 elementor-widget elementor-widget-text-editor\" data-id=\"aa233a0\" data-element_type=\"widget\" data-widget_type=\"text-editor.default\">\n\t\t\t\t<div class=\"elementor-widget-container\">\n\t\t\t\t\t\t\t\t\t<h2>Valle del Huasco<\/h2><p>Regi\u00f3n de Atacama<\/p><p><strong>ver m\u00e1s<\/strong><\/p>\t\t\t\t\t\t\t\t<\/div>\n\t\t\t\t<\/div>\n\t\t\t\t<\/a>\n\t\t<a class=\"elementor-element elementor-element-ba3e118 e-con-full card-valle elqui e-flex e-con e-child\" data-id=\"ba3e118\" data-element_type=\"container\" data-settings=\"{&quot;background_background&quot;:&quot;classic&quot;}\" href=\"#\">\n\t\t\t\t<div class=\"elementor-element elementor-element-709a8a5 elementor-widget elementor-widget-text-editor\" data-id=\"709a8a5\" data-element_type=\"widget\" data-widget_type=\"text-editor.default\">\n\t\t\t\t<div class=\"elementor-widget-container\">\n\t\t\t\t\t\t\t\t\t<h2>Valle del Elqui<\/h2><p>Regi\u00f3n de Coquimbo<\/p><p><strong>ver m\u00e1s<\/strong><\/p>\t\t\t\t\t\t\t\t<\/div>\n\t\t\t\t<\/div>\n\t\t\t\t<\/a>\n\t\t<a class=\"elementor-element elementor-element-4fe57a4 e-con-full card-valle limari e-flex e-con e-child\" data-id=\"4fe57a4\" data-element_type=\"container\" data-settings=\"{&quot;background_background&quot;:&quot;classic&quot;}\" href=\"#\">\n\t\t\t\t<div class=\"elementor-element elementor-element-be1d05d elementor-widget elementor-widget-text-editor\" data-id=\"be1d05d\" data-element_type=\"widget\" data-widget_type=\"text-editor.default\">\n\t\t\t\t<div class=\"elementor-widget-container\">\n\t\t\t\t\t\t\t\t\t<h2>Valle del Limar\u00ed<\/h2><p>Regi\u00f3n de Coquimbo<\/p><p><strong>ver m\u00e1s<\/strong><\/p>\t\t\t\t\t\t\t\t<\/div>\n\t\t\t\t<\/div>\n\t\t\t\t<\/a>\n\t\t<a class=\"elementor-element elementor-element-5ef2345 e-con-full card-valle choapa e-flex e-con e-child\" data-id=\"5ef2345\" data-element_type=\"container\" data-settings=\"{&quot;background_background&quot;:&quot;classic&quot;}\" href=\"#\">\n\t\t\t\t<div class=\"elementor-element elementor-element-d2bafc8 elementor-widget elementor-widget-text-editor\" data-id=\"d2bafc8\" data-element_type=\"widget\" data-widget_type=\"text-editor.default\">\n\t\t\t\t<div class=\"elementor-widget-container\">\n\t\t\t\t\t\t\t\t\t<h2>Valle del Choapa<\/h2><p>Regi\u00f3n de Coquimbo<\/p><p><strong>ver m\u00e1s<\/strong><\/p>\t\t\t\t\t\t\t\t<\/div>\n\t\t\t\t<\/div>\n\t\t\t\t<\/a>\n\t\t<a class=\"elementor-element elementor-element-72dcf46 e-con-full card-valle aconcagua e-flex e-con e-child\" data-id=\"72dcf46\" data-element_type=\"container\" data-settings=\"{&quot;background_background&quot;:&quot;classic&quot;}\" href=\"#\">\n\t\t\t\t<div class=\"elementor-element elementor-element-27a5f38 elementor-widget elementor-widget-text-editor\" data-id=\"27a5f38\" data-element_type=\"widget\" data-widget_type=\"text-editor.default\">\n\t\t\t\t<div class=\"elementor-widget-container\">\n\t\t\t\t\t\t\t\t\t<h2>Valle del Aconcagua<\/h2><p>Regi\u00f3n de Valpara\u00edso<\/p><p><strong>ver m\u00e1s<\/strong><\/p>\t\t\t\t\t\t\t\t<\/div>\n\t\t\t\t<\/div>\n\t\t\t\t<\/a>\n\t\t<a class=\"elementor-element elementor-element-ab63084 e-con-full card-valle casablanca e-flex e-con e-child\" data-id=\"ab63084\" data-element_type=\"container\" data-settings=\"{&quot;background_background&quot;:&quot;classic&quot;}\" href=\"#\">\n\t\t\t\t<div class=\"elementor-element elementor-element-75292ce elementor-widget elementor-widget-text-editor\" data-id=\"75292ce\" data-element_type=\"widget\" data-widget_type=\"text-editor.default\">\n\t\t\t\t<div class=\"elementor-widget-container\">\n\t\t\t\t\t\t\t\t\t<h2>Valle del Casablanca<\/h2><p>Regi\u00f3n de Valpara\u00edso<\/p><p><strong>ver m\u00e1s<\/strong><\/p>\t\t\t\t\t\t\t\t<\/div>\n\t\t\t\t<\/div>\n\t\t\t\t<\/a>\n\t\t<a class=\"elementor-element elementor-element-62aedfc e-con-full card-valle san-antonio e-flex e-con e-child\" data-id=\"62aedfc\" data-element_type=\"container\" data-settings=\"{&quot;background_background&quot;:&quot;classic&quot;}\" href=\"#\">\n\t\t\t\t<div class=\"elementor-element elementor-element-d324f88 elementor-widget elementor-widget-text-editor\" data-id=\"d324f88\" data-element_type=\"widget\" data-widget_type=\"text-editor.default\">\n\t\t\t\t<div class=\"elementor-widget-container\">\n\t\t\t\t\t\t\t\t\t<h2>Valle de San Antonio<\/h2><p>Regi\u00f3n de Valpara\u00edso<\/p><p><strong>ver m\u00e1s<\/strong><\/p>\t\t\t\t\t\t\t\t<\/div>\n\t\t\t\t<\/div>\n\t\t\t\t<\/a>\n\t\t<a class=\"elementor-element elementor-element-7ab7426 e-con-full card-valle maipo e-flex e-con e-child\" data-id=\"7ab7426\" data-element_type=\"container\" data-settings=\"{&quot;background_background&quot;:&quot;classic&quot;}\" href=\"#\">\n\t\t\t\t<div class=\"elementor-element elementor-element-7261cb2 elementor-widget elementor-widget-text-editor\" data-id=\"7261cb2\" data-element_type=\"widget\" data-widget_type=\"text-editor.default\">\n\t\t\t\t<div class=\"elementor-widget-container\">\n\t\t\t\t\t\t\t\t\t<h2>Valle del Maipo<\/h2><p>Regi\u00f3n de Metropolitana<\/p><p><strong>ver m\u00e1s<\/strong><\/p>\t\t\t\t\t\t\t\t<\/div>\n\t\t\t\t<\/div>\n\t\t\t\t<\/a>\n\t\t<a class=\"elementor-element elementor-element-92ab598 e-con-full card-valle cachapoal e-flex e-con e-child\" data-id=\"92ab598\" data-element_type=\"container\" data-settings=\"{&quot;background_background&quot;:&quot;classic&quot;}\" href=\"#\">\n\t\t\t\t<div class=\"elementor-element elementor-element-b2985c0 elementor-widget elementor-widget-text-editor\" data-id=\"b2985c0\" data-element_type=\"widget\" data-widget_type=\"text-editor.default\">\n\t\t\t\t<div class=\"elementor-widget-container\">\n\t\t\t\t\t\t\t\t\t<h2>Valle del Cachapoal<\/h2><p>Regi\u00f3n de O&#8217;Higgings<\/p><p><strong>ver m\u00e1s<\/strong><\/p>\t\t\t\t\t\t\t\t<\/div>\n\t\t\t\t<\/div>\n\t\t\t\t<\/a>\n\t\t<a class=\"elementor-element elementor-element-9b26b67 e-con-full card-valle colchagua e-flex e-con e-child\" data-id=\"9b26b67\" data-element_type=\"container\" data-settings=\"{&quot;background_background&quot;:&quot;classic&quot;}\" href=\"#\">\n\t\t\t\t<div class=\"elementor-element elementor-element-e7254ad elementor-widget elementor-widget-text-editor\" data-id=\"e7254ad\" data-element_type=\"widget\" data-widget_type=\"text-editor.default\">\n\t\t\t\t<div class=\"elementor-widget-container\">\n\t\t\t\t\t\t\t\t\t<h2>Valle de Colchagua<\/h2><p>Regi\u00f3n de O&#8217;Higgings<\/p><p><strong>ver m\u00e1s<\/strong><\/p>\t\t\t\t\t\t\t\t<\/div>\n\t\t\t\t<\/div>\n\t\t\t\t<\/a>\n\t\t<a class=\"elementor-element elementor-element-8f8bee9 e-con-full card-valle curico e-flex e-con e-child\" data-id=\"8f8bee9\" data-element_type=\"container\" data-settings=\"{&quot;background_background&quot;:&quot;classic&quot;}\" href=\"#\">\n\t\t\t\t<div class=\"elementor-element elementor-element-9b0e4ef elementor-widget elementor-widget-text-editor\" data-id=\"9b0e4ef\" data-element_type=\"widget\" data-widget_type=\"text-editor.default\">\n\t\t\t\t<div class=\"elementor-widget-container\">\n\t\t\t\t\t\t\t\t\t<h2>Valle de Curic\u00f3<\/h2><p>Regi\u00f3n del Maule<\/p><p><strong>ver m\u00e1s<\/strong><\/p>\t\t\t\t\t\t\t\t<\/div>\n\t\t\t\t<\/div>\n\t\t\t\t<\/a>\n\t\t<a class=\"elementor-element elementor-element-b855ed8 e-con-full card-valle maule e-flex e-con e-child\" data-id=\"b855ed8\" data-element_type=\"container\" data-settings=\"{&quot;background_background&quot;:&quot;classic&quot;}\" href=\"#\">\n\t\t\t\t<div class=\"elementor-element elementor-element-af0121b elementor-widget elementor-widget-text-editor\" data-id=\"af0121b\" data-element_type=\"widget\" data-widget_type=\"text-editor.default\">\n\t\t\t\t<div class=\"elementor-widget-container\">\n\t\t\t\t\t\t\t\t\t<h2>Valle del Maule<\/h2><p>Regi\u00f3n del Maule<\/p><p><strong>ver m\u00e1s<\/strong><\/p>\t\t\t\t\t\t\t\t<\/div>\n\t\t\t\t<\/div>\n\t\t\t\t<\/a>\n\t\t<a class=\"elementor-element elementor-element-be73507 e-con-full card-valle itata e-flex e-con e-child\" data-id=\"be73507\" data-element_type=\"container\" data-settings=\"{&quot;background_background&quot;:&quot;classic&quot;}\" href=\"#\">\n\t\t\t\t<div class=\"elementor-element elementor-element-99f7b3f elementor-widget elementor-widget-text-editor\" data-id=\"99f7b3f\" data-element_type=\"widget\" data-widget_type=\"text-editor.default\">\n\t\t\t\t<div class=\"elementor-widget-container\">\n\t\t\t\t\t\t\t\t\t<h2>Valle de Itata<\/h2><p>Regi\u00f3n del Biob\u00edo<\/p><p><strong>ver m\u00e1s<\/strong><\/p>\t\t\t\t\t\t\t\t<\/div>\n\t\t\t\t<\/div>\n\t\t\t\t<\/a>\n\t\t<a class=\"elementor-element elementor-element-b1bbb26 e-con-full card-valle biobio e-flex e-con e-child\" data-id=\"b1bbb26\" data-element_type=\"container\" data-settings=\"{&quot;background_background&quot;:&quot;classic&quot;}\" href=\"#\">\n\t\t\t\t<div class=\"elementor-element elementor-element-5f67a0b elementor-widget elementor-widget-text-editor\" data-id=\"5f67a0b\" data-element_type=\"widget\" data-widget_type=\"text-editor.default\">\n\t\t\t\t<div class=\"elementor-widget-container\">\n\t\t\t\t\t\t\t\t\t<h2>Valle del Biob\u00edo<\/h2><p>Regi\u00f3n del Biob\u00edo<\/p><p><strong>ver m\u00e1s<\/strong><\/p>\t\t\t\t\t\t\t\t<\/div>\n\t\t\t\t<\/div>\n\t\t\t\t<\/a>\n\t\t<a class=\"elementor-element elementor-element-206c8ed e-con-full card-valle maule e-flex e-con e-child\" data-id=\"206c8ed\" data-element_type=\"container\" data-settings=\"{&quot;background_background&quot;:&quot;classic&quot;}\" href=\"#\">\n\t\t\t\t<div class=\"elementor-element elementor-element-308b2c7 elementor-widget elementor-widget-text-editor\" data-id=\"308b2c7\" data-element_type=\"widget\" data-widget_type=\"text-editor.default\">\n\t\t\t\t<div class=\"elementor-widget-container\">\n\t\t\t\t\t\t\t\t\t<h2>Valle del Maule<\/h2><p>Regi\u00f3n de la Araucan\u00eda<\/p><p><strong>ver m\u00e1s<\/strong><\/p>\t\t\t\t\t\t\t\t<\/div>\n\t\t\t\t<\/div>\n\t\t\t\t<\/a>\n\t\t\t\t\t<\/div>\n\t\t\t\t<\/div>\n\t\t\t\t<\/div>\n\t\t","protected":false},"excerpt":{"rendered":"<p>Chile tierrade valles y vinos De norte a sur: paisajes, cepas y experiencias por descubrir. \u00a1Explora los valles vitivin\u00edcolas! Valle del Huasco Regi\u00f3n de Atacama ver m\u00e1s Valle del Elqui Regi\u00f3n de Coquimbo ver m\u00e1s Valle del Limar\u00ed Regi\u00f3n de Coquimbo ver m\u00e1s Valle del Choapa Regi\u00f3n de Coquimbo ver m\u00e1s Valle del Aconcagua Regi\u00f3n [&hellip;]<\/p>\n","protected":false},"author":1,"featured_media":0,"parent":0,"menu_order":0,"comment_status":"closed","ping_status":"closed","template":"","meta":{"inline_featured_image":false,"footnotes":""},"class_list":["post-594","page","type-page","status-publish","hentry"],"_links":{"self":[{"href":"https:\/\/enotch2025.enoturismochile.cl\/index.php\/wp-json\/wp\/v2\/pages\/594","targetHints":{"allow":["GET"]}}],"collection":[{"href":"https:\/\/enotch2025.enoturismochile.cl\/index.php\/wp-json\/wp\/v2\/pages"}],"about":[{"href":"https:\/\/enotch2025.enoturismochile.cl\/index.php\/wp-json\/wp\/v2\/types\/page"}],"author":[{"embeddable":true,"href":"https:\/\/enotch2025.enoturismochile.cl\/index.php\/wp-json\/wp\/v2\/users\/1"}],"replies":[{"embeddable":true,"href":"https:\/\/enotch2025.enoturismochile.cl\/index.php\/wp-json\/wp\/v2\/comments?post=594"}],"version-history":[{"count":76,"href":"https:\/\/enotch2025.enoturismochile.cl\/index.php\/wp-json\/wp\/v2\/pages\/594\/revisions"}],"predecessor-version":[{"id":3438,"href":"https:\/\/enotch2025.enoturismochile.cl\/index.php\/wp-json\/wp\/v2\/pages\/594\/revisions\/3438"}],"wp:attachment":[{"href":"https:\/\/enotch2025.enoturismochile.cl\/index.php\/wp-json\/wp\/v2\/media?parent=594"}],"curies":[{"name":"wp","href":"https:\/\/api.w.org\/{rel}","templated":true}]}}